Last updated on 2024-04-30 17:49:00 CEST.
Flavor | Version | Tinstall | Tcheck | Ttotal | Status | Flags |
---|---|---|---|---|---|---|
r-devel-linux-x86_64-debian-clang | 2.2.3 | 80.37 | 168.03 | 248.40 | OK | |
r-devel-linux-x86_64-debian-gcc | 2.2.3 | 85.75 | 120.90 | 206.65 | OK | |
r-devel-linux-x86_64-fedora-clang | 2.2.3 | 307.36 | OK | |||
r-devel-linux-x86_64-fedora-gcc | 2.2.3 | 387.73 | OK | |||
r-devel-windows-x86_64 | 2.2.3 | 71.00 | 123.00 | 194.00 | OK | |
r-patched-linux-x86_64 | 2.2.3 | 100.93 | 163.92 | 264.85 | OK | |
r-release-linux-x86_64 | 2.2.3 | 95.56 | 163.39 | 258.95 | OK | |
r-release-macos-arm64 | 2.2.3 | 112.00 | NOTE | |||
r-release-windows-x86_64 | 2.2.3 | 72.00 | 120.00 | 192.00 | OK | |
r-oldrel-macos-arm64 | 2.2.3 | 81.00 | NOTE | |||
r-oldrel-macos-x86_64 | 2.2.3 | 160.00 | NOTE | |||
r-oldrel-windows-x86_64 | 2.2.3 | 90.00 | 144.00 | 234.00 | OK |
Version: 2.2.3
Check: installed package size
Result: NOTE
installed size is 5.2Mb
sub-directories of 1Mb or more:
libs 4.7Mb
Flavors: r-release-macos-arm64, r-oldrel-macos-arm64, r-oldrel-macos-x86_64