Last updated on 2024-05-03 11:52:59 CEST.
Flavor | Version | Tinstall | Tcheck | Ttotal | Status | Flags |
---|---|---|---|---|---|---|
r-devel-linux-x86_64-debian-clang | 0.3.4 | 8.58 | 99.76 | 108.34 | OK | |
r-devel-linux-x86_64-fedora-clang | 0.3.4 | 142.30 | OK | |||
r-devel-linux-x86_64-fedora-gcc | 0.3.4 | 140.14 | OK | |||
r-devel-windows-x86_64 | 0.3.4 | 8.00 | 100.00 | 108.00 | OK | |
r-patched-linux-x86_64 | 0.3.4 | 4.80 | 101.04 | 105.84 | OK | |
r-release-linux-x86_64 | 0.3.4 | 4.34 | 98.49 | 102.83 | OK | |
r-release-macos-arm64 | 0.3.4 | 57.00 | OK | |||
r-release-macos-x86_64 | 0.3.4 | 168.00 | OK | |||
r-release-windows-x86_64 | 0.3.4 | 8.00 | 96.00 | 104.00 | ERROR | |
r-oldrel-macos-arm64 | 0.3.4 | 63.00 | OK | |||
r-oldrel-macos-x86_64 | 0.3.4 | 138.00 | OK | |||
r-oldrel-windows-x86_64 | 0.3.4 | 9.00 | 120.00 | 129.00 | OK |
Version: 0.3.4
Check: re-building of vignette outputs
Result: ERROR
Error(s) in re-building vignettes:
--- re-building 'DQAstats2SHIPdataset.Rmd' using rmarkdown
trying URL 'https://raw.githubusercontent.com/cran/dataquieR/master/inst/extdata/ship.RDS'
Quitting from lines at lines 40-67 [unnamed-chunk-2] (DQAstats2SHIPdataset.Rmd)
Error: processing vignette 'DQAstats2SHIPdataset.Rmd' failed with diagnostics:
cannot open URL 'https://raw.githubusercontent.com/cran/dataquieR/master/inst/extdata/ship.RDS'
--- failed re-building 'DQAstats2SHIPdataset.Rmd'
SUMMARY: processing the following file failed:
'DQAstats2SHIPdataset.Rmd'
Error: Vignette re-building failed.
Execution halted
Flavor: r-release-windows-x86_64