Last updated on 2024-05-03 05:53:03 CEST.
Flavor | Version | Tinstall | Tcheck | Ttotal | Status | Flags |
---|---|---|---|---|---|---|
r-devel-linux-x86_64-debian-clang | 0.1.2 | 6.98 | 75.44 | 82.42 | NOTE | |
r-devel-linux-x86_64-debian-gcc | 0.1.2 | 5.89 | 56.55 | 62.44 | NOTE | |
r-devel-linux-x86_64-fedora-clang | 0.1.2 | 104.62 | NOTE | |||
r-devel-linux-x86_64-fedora-gcc | 0.1.2 | 112.25 | NOTE | |||
r-devel-windows-x86_64 | 0.1.2 | 8.00 | 76.00 | 84.00 | NOTE | |
r-patched-linux-x86_64 | 0.1.2 | 6.57 | 74.09 | 80.66 | NOTE | |
r-release-linux-x86_64 | 0.1.2 | 8.09 | 72.07 | 80.16 | NOTE | |
r-release-macos-arm64 | 0.1.2 | 30.00 | NOTE | |||
r-release-windows-x86_64 | 0.1.2 | 6.00 | 71.00 | 77.00 | NOTE | |
r-oldrel-macos-arm64 | 0.1.2 | 32.00 | NOTE | |||
r-oldrel-macos-x86_64 | 0.1.2 | 46.00 | NOTE | |||
r-oldrel-windows-x86_64 | 0.1.2 | 8.00 | 80.00 | 88.00 | NOTE |
Version: 0.1.2
Check: LazyData
Result: NOTE
'LazyData' is specified without a 'data' directory
Flavors: r-devel-linux-x86_64-debian-clang, r-devel-linux-x86_64-debian-gcc, r-devel-linux-x86_64-fedora-clang, r-devel-linux-x86_64-fedora-gcc, r-devel-windows-x86_64, r-patched-linux-x86_64, r-release-linux-x86_64, r-release-macos-arm64, r-release-windows-x86_64, r-oldrel-macos-arm64, r-oldrel-macos-x86_64, r-oldrel-windows-x86_64