Last updated on 2024-05-03 05:53:03 CEST.
Flavor | Version | Tinstall | Tcheck | Ttotal | Status | Flags |
---|---|---|---|---|---|---|
r-devel-linux-x86_64-debian-clang | 0.2.1 | 3.05 | 55.45 | 58.50 | OK | |
r-devel-linux-x86_64-debian-gcc | 0.2.1 | 1.94 | 39.55 | 41.49 | OK | |
r-devel-linux-x86_64-fedora-clang | 0.2.1 | 73.20 | NOTE | |||
r-devel-linux-x86_64-fedora-gcc | 0.2.1 | 79.47 | NOTE | |||
r-devel-windows-x86_64 | 0.2.1 | 4.00 | 67.00 | 71.00 | OK | |
r-patched-linux-x86_64 | 0.2.1 | 3.65 | 50.92 | 54.57 | OK | |
r-release-linux-x86_64 | 0.2.1 | 2.43 | 50.17 | 52.60 | OK | |
r-release-macos-arm64 | 0.2.1 | 29.00 | OK | |||
r-release-windows-x86_64 | 0.2.1 | 3.00 | 70.00 | 73.00 | OK | |
r-oldrel-macos-arm64 | 0.2.1 | 32.00 | OK | |||
r-oldrel-macos-x86_64 | 0.2.1 | 47.00 | OK | |||
r-oldrel-windows-x86_64 | 0.2.1 | 5.00 | 69.00 | 74.00 | OK |
Version: 0.2.1
Check: dependencies in R code
Result: NOTE
Namespace in Imports field not imported from: ‘sandwich’
All declared Imports should be used.
Flavors: r-devel-linux-x86_64-fedora-clang, r-devel-linux-x86_64-fedora-gcc