Last updated on 2024-05-03 05:53:05 CEST.
Flavor | Version | Tinstall | Tcheck | Ttotal | Status | Flags |
---|---|---|---|---|---|---|
r-devel-linux-x86_64-fedora-clang | 2.3.1 | 78.34 | NOTE | |||
r-devel-windows-x86_64 | 2.3.1 | 8.00 | 91.00 | 99.00 | OK | |
r-release-macos-arm64 | 2.3.1 | 38.00 | OK | |||
r-release-macos-x86_64 | 2.3.1 | 88.00 | OK | |||
r-oldrel-macos-arm64 | 2.3.1 | 37.00 | OK | |||
r-oldrel-macos-x86_64 | 2.3.1 | 65.00 | OK | |||
r-oldrel-windows-x86_64 | 2.3.1 | 12.00 | 80.00 | 92.00 | OK |
Version: 2.3.1
Check: data for non-ASCII characters
Result: NOTE
Note: found 179 marked UTF-8 strings
Flavor: r-devel-linux-x86_64-fedora-clang