Last updated on 2024-05-02 17:50:15 CEST.
Flavor | Version | Tinstall | Tcheck | Ttotal | Status | Flags |
---|---|---|---|---|---|---|
r-devel-linux-x86_64-debian-clang | 1.0 | 2.04 | 24.48 | 26.52 | NOTE | |
r-devel-linux-x86_64-debian-gcc | 1.0 | 2.02 | 18.49 | 20.51 | NOTE | |
r-devel-linux-x86_64-fedora-clang | 1.0 | 34.01 | NOTE | |||
r-devel-linux-x86_64-fedora-gcc | 1.0 | 31.77 | NOTE | |||
r-devel-windows-x86_64 | 1.0 | 3.00 | 39.00 | 42.00 | NOTE | |
r-patched-linux-x86_64 | 1.0 | 2.44 | 23.52 | 25.96 | NOTE | |
r-release-linux-x86_64 | 1.0 | 2.23 | 23.70 | 25.93 | NOTE | |
r-release-macos-arm64 | 1.0 | 14.00 | NOTE | |||
r-release-windows-x86_64 | 1.0 | 2.00 | 38.00 | 40.00 | NOTE | |
r-oldrel-macos-arm64 | 1.0 | 14.00 | NOTE | |||
r-oldrel-macos-x86_64 | 1.0 | 19.00 | NOTE | |||
r-oldrel-windows-x86_64 | 1.0 | 3.00 | 39.00 | 42.00 | NOTE |
Version: 1.0
Check: LazyData
Result: NOTE
'LazyData' is specified without a 'data' directory
Flavors: r-devel-linux-x86_64-debian-clang, r-devel-linux-x86_64-debian-gcc, r-devel-linux-x86_64-fedora-clang, r-devel-linux-x86_64-fedora-gcc, r-devel-windows-x86_64, r-patched-linux-x86_64, r-release-linux-x86_64, r-release-macos-arm64, r-release-windows-x86_64, r-oldrel-macos-arm64, r-oldrel-macos-x86_64, r-oldrel-windows-x86_64