Last updated on 2024-05-03 05:53:09 CEST.
Flavor | Version | Tinstall | Tcheck | Ttotal | Status | Flags |
---|---|---|---|---|---|---|
r-devel-linux-x86_64-debian-clang | 1.0.4 | 30.89 | 382.45 | 413.34 | OK | |
r-devel-linux-x86_64-debian-gcc | 1.0.4 | 25.04 | 266.70 | 291.74 | OK | |
r-devel-linux-x86_64-fedora-clang | 1.0.4 | 496.40 | NOTE | |||
r-devel-linux-x86_64-fedora-gcc | 1.0.4 | 491.32 | NOTE | |||
r-devel-windows-x86_64 | 1.0.4 | 26.00 | 262.00 | 288.00 | OK | |
r-patched-linux-x86_64 | 1.0.4 | 33.64 | 348.02 | 381.66 | OK | |
r-release-linux-x86_64 | 1.0.4 | 20.76 | 350.85 | 371.61 | OK | |
r-release-macos-arm64 | 1.0.4 | 144.00 | OK | |||
r-release-windows-x86_64 | 1.0.4 | 26.00 | 254.00 | 280.00 | OK | |
r-oldrel-macos-arm64 | 1.0.4 | 96.00 | OK | |||
r-oldrel-macos-x86_64 | 1.0.4 | 135.00 | OK | |||
r-oldrel-windows-x86_64 | 1.0.4 | 37.00 | 346.00 | 383.00 | OK |
Version: 1.0.4
Check: data for non-ASCII characters
Result: NOTE
Note: found 10 marked UTF-8 strings
Flavors: r-devel-linux-x86_64-fedora-clang, r-devel-linux-x86_64-fedora-gcc
Version: 1.0.4
Check: for detritus in the temp directory
Result: NOTE
Found the following files/directories:
‘Crashpad’
Flavor: r-devel-linux-x86_64-fedora-gcc