Last updated on 2024-03-28 23:55:11 CET.
Flavor | Version | Tinstall | Tcheck | Ttotal | Status | Flags |
---|---|---|---|---|---|---|
r-devel-linux-x86_64-debian-clang | 1.7-0 | 357.84 | 419.19 | 777.03 | OK | |
r-devel-linux-x86_64-debian-gcc | 1.7-0 | 322.52 | 304.96 | 627.48 | OK | |
r-devel-linux-x86_64-fedora-clang | 1.7-0 | 961.12 | OK | |||
r-devel-linux-x86_64-fedora-gcc | 1.7-0 | 1162.82 | OK | |||
r-devel-windows-x86_64 | 1.7-0 | 372.00 | 420.00 | 792.00 | OK | |
r-patched-linux-x86_64 | 1.7-0 | 394.58 | 404.62 | 799.20 | OK | |
r-release-linux-x86_64 | 1.6-5 | 249.60 | 402.79 | 652.39 | OK | |
r-release-macos-arm64 | 1.6-5 | 228.00 | NOTE | |||
r-release-macos-x86_64 | 1.6-5 | 525.00 | NOTE | |||
r-release-windows-x86_64 | 1.6-5 | 216.00 | 498.00 | 714.00 | OK | |
r-oldrel-macos-arm64 | 1.6-5 | 229.00 | NOTE | |||
r-oldrel-windows-x86_64 | 1.6-5 | 269.00 | 494.00 | 763.00 | NOTE |
Version: 1.6-5
Check: R code for possible problems
Result: NOTE
qr.X: no visible binding for global variable ‘R’
Undefined global functions or variables:
R
Flavors: r-release-macos-arm64, r-release-macos-x86_64, r-oldrel-macos-arm64, r-oldrel-windows-x86_64