Last updated on 2024-05-02 23:51:58 CEST.
Flavor | Version | Tinstall | Tcheck | Ttotal | Status | Flags |
---|---|---|---|---|---|---|
r-devel-linux-x86_64-debian-clang | 1.2.5 | 4.58 | 56.65 | 61.23 | ERROR | |
r-devel-linux-x86_64-debian-gcc | 1.2.5 | 4.12 | 45.76 | 49.88 | OK | |
r-devel-linux-x86_64-fedora-clang | 1.2.5 | 85.16 | NOTE | |||
r-devel-linux-x86_64-fedora-gcc | 1.2.5 | 95.31 | NOTE | |||
r-devel-windows-x86_64 | 1.2.5 | 7.00 | 82.00 | 89.00 | OK | |
r-patched-linux-x86_64 | 1.2.5 | 5.40 | 56.93 | 62.33 | OK | |
r-release-linux-x86_64 | 1.2.5 | 5.32 | 54.13 | 59.45 | OK | |
r-release-macos-arm64 | 1.2.5 | 85.00 | OK | |||
r-release-windows-x86_64 | 1.2.5 | 7.00 | 80.00 | 87.00 | OK | |
r-oldrel-macos-arm64 | 1.2.5 | 58.00 | OK | |||
r-oldrel-macos-x86_64 | 1.2.5 | 81.00 | OK | |||
r-oldrel-windows-x86_64 | 1.2.5 | 8.00 | 79.00 | 87.00 | OK |
Version: 1.2.5
Check: re-building of vignette outputs
Result: ERROR
Error(s) in re-building vignettes:
...
--- re-building ‘introduction.Rmd’ using rmarkdown
Quitting from lines at lines 179-197 [lookup_fields] (introduction.Rmd)
Error: processing vignette 'introduction.Rmd' failed with diagnostics:
Join columns in `y` must be present in the data.
✖ Problem with `Code`.
--- failed re-building ‘introduction.Rmd’
SUMMARY: processing the following file failed:
‘introduction.Rmd’
Error: Vignette re-building failed.
Execution halted
Flavor: r-devel-linux-x86_64-debian-clang
Version: 1.2.5
Check: dependencies in R code
Result: NOTE
Namespace in Imports field not imported from: ‘tibble’
All declared Imports should be used.
Flavors: r-devel-linux-x86_64-fedora-clang, r-devel-linux-x86_64-fedora-gcc