Last updated on 2024-05-02 23:51:58 CEST.
Flavor | Version | Tinstall | Tcheck | Ttotal | Status | Flags |
---|---|---|---|---|---|---|
r-devel-linux-x86_64-debian-clang | 1.2.1 | 166.04 | 54.93 | 220.97 | NOTE | |
r-devel-linux-x86_64-debian-gcc | 1.2.1 | 123.51 | 40.64 | 164.15 | NOTE | |
r-devel-linux-x86_64-fedora-clang | 1.2.1 | 357.71 | NOTE | |||
r-devel-linux-x86_64-fedora-gcc | 1.2.1 | 341.86 | NOTE | |||
r-devel-windows-x86_64 | 1.2.1 | 141.00 | 81.00 | 222.00 | NOTE | |
r-patched-linux-x86_64 | 1.2.1 | 162.52 | 52.57 | 215.09 | NOTE | |
r-release-linux-x86_64 | 1.2.1 | 167.33 | 51.36 | 218.69 | NOTE | |
r-release-macos-arm64 | 1.2.1 | 58.00 | NOTE | |||
r-release-windows-x86_64 | 1.2.1 | 133.00 | 81.00 | 214.00 | NOTE | |
r-oldrel-macos-arm64 | 1.2.1 | 78.00 | NOTE | |||
r-oldrel-macos-x86_64 | 1.2.1 | 128.00 | NOTE | |||
r-oldrel-windows-x86_64 | 1.2.1 | 161.00 | 96.00 | 257.00 | NOTE |
Version: 1.2.1
Check: C++ specification
Result: NOTE
Specified C++11: please drop specification unless essential
Flavors: r-devel-linux-x86_64-debian-clang, r-devel-linux-x86_64-debian-gcc, r-devel-linux-x86_64-fedora-clang, r-devel-linux-x86_64-fedora-gcc, r-devel-windows-x86_64, r-patched-linux-x86_64, r-release-linux-x86_64, r-release-macos-arm64, r-release-windows-x86_64, r-oldrel-macos-arm64, r-oldrel-macos-x86_64, r-oldrel-windows-x86_64
Version: 1.2.1
Check: LazyData
Result: NOTE
'LazyData' is specified without a 'data' directory
Flavors: r-devel-linux-x86_64-debian-clang, r-devel-linux-x86_64-debian-gcc, r-devel-linux-x86_64-fedora-clang, r-devel-linux-x86_64-fedora-gcc, r-devel-windows-x86_64, r-patched-linux-x86_64, r-release-linux-x86_64, r-release-macos-arm64, r-release-windows-x86_64, r-oldrel-macos-arm64, r-oldrel-macos-x86_64, r-oldrel-windows-x86_64
Version: 1.2.1
Check: for GNU extensions in Makefiles
Result: NOTE
GNU make is a SystemRequirements.
Flavors: r-devel-linux-x86_64-debian-clang, r-devel-linux-x86_64-debian-gcc, r-devel-linux-x86_64-fedora-clang, r-devel-linux-x86_64-fedora-gcc, r-devel-windows-x86_64, r-patched-linux-x86_64, r-release-linux-x86_64, r-release-macos-arm64, r-release-windows-x86_64, r-oldrel-macos-arm64, r-oldrel-macos-x86_64, r-oldrel-windows-x86_64