Last updated on 2024-05-03 11:53:08 CEST.
Flavor | Version | Tinstall | Tcheck | Ttotal | Status | Flags |
---|---|---|---|---|---|---|
r-devel-linux-x86_64-debian-clang | 0.1.5 | 2.87 | 58.53 | 61.40 | OK | |
r-devel-linux-x86_64-fedora-clang | 0.1.5 | 76.85 | NOTE | |||
r-devel-linux-x86_64-fedora-gcc | 0.1.5 | 79.44 | NOTE | |||
r-devel-windows-x86_64 | 0.1.5 | 4.00 | 73.00 | 77.00 | OK | |
r-patched-linux-x86_64 | 0.1.5 | 3.97 | 56.48 | 60.45 | OK | |
r-release-linux-x86_64 | 0.1.5 | 2.79 | 56.20 | 58.99 | OK | |
r-release-macos-arm64 | 0.1.5 | 25.00 | OK | |||
r-release-windows-x86_64 | 0.1.5 | 4.00 | 73.00 | 77.00 | OK | |
r-oldrel-macos-arm64 | 0.1.5 | 25.00 | OK | |||
r-oldrel-macos-x86_64 | 0.1.5 | 41.00 | OK | |||
r-oldrel-windows-x86_64 | 0.1.5 | 5.00 | 82.00 | 87.00 | OK |
Version: 0.1.5
Check: dependencies in R code
Result: NOTE
Namespace in Imports field not imported from: ‘base’
All declared Imports should be used.
Flavors: r-devel-linux-x86_64-fedora-clang, r-devel-linux-x86_64-fedora-gcc