Last updated on 2024-04-27 23:16:57 CEST.
Flavor | Version | Tinstall | Tcheck | Ttotal | Status | Flags |
---|---|---|---|---|---|---|
r-devel-linux-x86_64-debian-clang | 0.1.2 | 7.54 | 86.03 | 93.57 | NOTE | |
r-devel-linux-x86_64-debian-gcc | 0.1.2 | 6.16 | 63.44 | 69.60 | NOTE | |
r-devel-linux-x86_64-fedora-clang | 0.1.2 | 115.78 | NOTE | |||
r-devel-linux-x86_64-fedora-gcc | 0.1.2 | 109.25 | NOTE | |||
r-devel-windows-x86_64 | 0.1.2 | 9.00 | 77.00 | 86.00 | NOTE | |
r-patched-linux-x86_64 | 0.1.2 | 19.78 | 79.35 | 99.13 | NOTE | |
r-release-linux-x86_64 | 0.1.2 | 10.45 | 83.73 | 94.18 | NOTE | |
r-release-macos-arm64 | 0.1.2 | 36.00 | NOTE | |||
r-release-windows-x86_64 | 0.1.2 | 8.00 | 76.00 | 84.00 | NOTE | |
r-oldrel-macos-arm64 | 0.1.2 | 39.00 | NOTE | |||
r-oldrel-macos-x86_64 | 0.1.2 | 61.00 | NOTE | |||
r-oldrel-windows-x86_64 | 0.1.2 | 11.00 | 89.00 | 100.00 | NOTE |
Version: 0.1.2
Check: LazyData
Result: NOTE
'LazyData' is specified without a 'data' directory
Flavors: r-devel-linux-x86_64-debian-clang, r-devel-linux-x86_64-debian-gcc, r-devel-linux-x86_64-fedora-clang, r-devel-linux-x86_64-fedora-gcc, r-devel-windows-x86_64, r-patched-linux-x86_64, r-release-linux-x86_64, r-release-macos-arm64, r-release-windows-x86_64, r-oldrel-macos-arm64, r-oldrel-macos-x86_64, r-oldrel-windows-x86_64