Last updated on 2024-05-03 05:53:20 CEST.
Flavor | Version | Tinstall | Tcheck | Ttotal | Status | Flags |
---|---|---|---|---|---|---|
r-devel-linux-x86_64-debian-clang | 2.9-2 | 24.01 | 47.23 | 71.24 | OK | |
r-devel-linux-x86_64-debian-gcc | 2.9-2 | 15.50 | 36.12 | 51.62 | OK | |
r-devel-linux-x86_64-fedora-clang | 2.9-2 | 89.19 | OK | |||
r-devel-linux-x86_64-fedora-gcc | 2.9-2 | 87.04 | OK | |||
r-devel-windows-x86_64 | 2.9-2 | 109.00 | 185.00 | 294.00 | NOTE | |
r-patched-linux-x86_64 | 2.9-2 | 19.52 | 46.49 | 66.01 | OK | |
r-release-linux-x86_64 | 2.9-2 | 17.63 | 45.57 | 63.20 | OK | |
r-release-macos-arm64 | 2.9-2 | 46.00 | NOTE | |||
r-release-macos-x86_64 | 2.9-2 | 105.00 | NOTE | |||
r-release-windows-x86_64 | 2.9-2 | 101.00 | 188.00 | 289.00 | NOTE | |
r-oldrel-macos-arm64 | 2.9-2 | 66.00 | NOTE | |||
r-oldrel-macos-x86_64 | 2.9-2 | 117.00 | NOTE | |||
r-oldrel-windows-x86_64 | 2.9-2 | 129.00 | 287.00 | 416.00 | NOTE |
Version: 2.9-2
Check: installed package size
Result: NOTE
installed size is 16.5Mb
sub-directories of 1Mb or more:
libs 16.2Mb
Flavors: r-devel-windows-x86_64, r-release-macos-arm64, r-release-macos-x86_64, r-release-windows-x86_64, r-oldrel-macos-arm64, r-oldrel-macos-x86_64, r-oldrel-windows-x86_64
Version: 2.9-2
Check: package dependencies
Result: NOTE
Packages which this enhances but not available for checking:
'pbdMPI', 'Rmpi'
Flavors: r-release-macos-arm64, r-release-macos-x86_64, r-oldrel-macos-arm64, r-oldrel-macos-x86_64
Version: 2.9-2
Check: Rd cross-references
Result: NOTE
Packages unavailable to check Rd xrefs: ‘pbdMPI’, ‘Rmpi’
Flavors: r-release-macos-arm64, r-release-macos-x86_64, r-oldrel-macos-arm64, r-oldrel-macos-x86_64