Last updated on 2024-05-02 23:52:03 CEST.
Flavor | Version | Tinstall | Tcheck | Ttotal | Status | Flags |
---|---|---|---|---|---|---|
r-devel-linux-x86_64-debian-clang | 2.3 | 109.12 | 765.98 | 875.10 | OK | |
r-devel-linux-x86_64-debian-gcc | 2.3 | 79.44 | 533.31 | 612.75 | OK | |
r-devel-linux-x86_64-fedora-clang | 2.3 | 1125.18 | NOTE | |||
r-devel-linux-x86_64-fedora-gcc | 2.3 | 1037.73 | OK | |||
r-devel-windows-x86_64 | 2.3 | 85.00 | 667.00 | 752.00 | OK | |
r-patched-linux-x86_64 | 2.3 | 107.83 | 724.43 | 832.26 | OK | |
r-release-linux-x86_64 | 2.3 | 80.88 | 724.52 | 805.40 | OK | |
r-release-macos-arm64 | 2.3 | 233.00 | OK | |||
r-release-macos-x86_64 | 2.3 | 581.00 | OK | |||
r-release-windows-x86_64 | 2.3 | 77.00 | 579.00 | 656.00 | OK | |
r-oldrel-macos-arm64 | 2.3 | 235.00 | OK | |||
r-oldrel-macos-x86_64 | 2.3 | 576.00 | OK | |||
r-oldrel-windows-x86_64 | 2.3 | 109.00 | 691.00 | 800.00 | OK |
Version: 2.3
Check: package dependencies
Result: NOTE
Imports includes 26 non-default packages.
Importing from so many packages makes the package vulnerable to any of
them becoming unavailable. Move as many as possible to Suggests and
use conditionally.
Flavor: r-devel-linux-x86_64-fedora-clang