Last updated on 2024-05-02 23:52:01 CEST.
Flavor | Version | Tinstall | Tcheck | Ttotal | Status | Flags |
---|---|---|---|---|---|---|
r-devel-linux-x86_64-debian-clang | 2.8.3 | 307.44 | 207.50 | 514.94 | NOTE | |
r-devel-linux-x86_64-debian-gcc | 2.8.3 | 240.60 | 162.94 | 403.54 | NOTE | |
r-devel-linux-x86_64-fedora-clang | 2.8.3 | 819.40 | NOTE | |||
r-devel-linux-x86_64-fedora-gcc | 2.8.3 | 741.49 | NOTE | |||
r-devel-windows-x86_64 | 2.8.3 | 256.00 | 265.00 | 521.00 | NOTE | |
r-patched-linux-x86_64 | 2.8.3 | 299.06 | 207.27 | 506.33 | OK | |
r-release-linux-x86_64 | 2.8.3 | 305.36 | 207.44 | 512.80 | OK | |
r-release-macos-arm64 | 2.8.3 | 159.00 | NOTE | |||
r-release-windows-x86_64 | 2.8.3 | 258.00 | 244.00 | 502.00 | OK | |
r-oldrel-macos-arm64 | 2.8.3 | 193.00 | NOTE | |||
r-oldrel-macos-x86_64 | 2.8.3 | 336.00 | NOTE | |||
r-oldrel-windows-x86_64 | 2.8.3 | 256.00 | 262.00 | 518.00 | OK |
Version: 2.8.3
Check: compiled code
Result: NOTE
File ‘RcppAlgos/libs/RcppAlgos.so’:
Found non-API calls to R: ‘SETLENGTH’, ‘SET_TRUELENGTH’
Compiled code should not call non-API entry points in R.
See ‘Writing portable packages’ in the ‘Writing R Extensions’ manual.
Flavors: r-devel-linux-x86_64-debian-clang, r-devel-linux-x86_64-debian-gcc, r-devel-linux-x86_64-fedora-clang, r-devel-linux-x86_64-fedora-gcc
Version: 2.8.3
Check: compiled code
Result: NOTE
File 'RcppAlgos/libs/x64/RcppAlgos.dll':
Found non-API calls to R: 'SETLENGTH', 'SET_TRUELENGTH'
Compiled code should not call non-API entry points in R.
See 'Writing portable packages' in the 'Writing R Extensions' manual.
Flavor: r-devel-windows-x86_64
Version: 2.8.3
Check: installed package size
Result: NOTE
installed size is 20.1Mb
sub-directories of 1Mb or more:
doc 1.1Mb
libs 17.8Mb
Flavors: r-release-macos-arm64, r-oldrel-macos-arm64, r-oldrel-macos-x86_64