Last updated on 2024-04-27 11:48:59 CEST.
Flavor | Version | Tinstall | Tcheck | Ttotal | Status | Flags |
---|---|---|---|---|---|---|
r-devel-linux-x86_64-debian-clang | 3.0.0 | 8.26 | 137.71 | 145.97 | NOTE | |
r-devel-linux-x86_64-debian-gcc | 3.0.0 | 5.89 | 99.10 | 104.99 | NOTE | |
r-devel-linux-x86_64-fedora-clang | 3.0.0 | 175.44 | NOTE | |||
r-devel-linux-x86_64-fedora-gcc | 3.0.0 | 187.92 | NOTE | |||
r-devel-windows-x86_64 | 3.0.0 | 8.00 | 166.00 | 174.00 | NOTE | |
r-patched-linux-x86_64 | 3.0.0 | 11.17 | 127.88 | 139.05 | NOTE | |
r-release-linux-x86_64 | 3.0.0 | 6.48 | 129.09 | 135.57 | OK | |
r-release-macos-arm64 | 3.0.0 | 51.00 | NOTE | |||
r-release-windows-x86_64 | 3.0.0 | 7.00 | 165.00 | 172.00 | NOTE | |
r-oldrel-macos-arm64 | 3.0.0 | 63.00 | OK | |||
r-oldrel-macos-x86_64 | 3.0.0 | 167.00 | OK | |||
r-oldrel-windows-x86_64 | 3.0.0 | 9.00 | 179.00 | 188.00 | OK |
Version: 3.0.0
Check: Rd files
Result: NOTE
checkRd: (-1) halfnorm.like.Rd:105: Lost braces; missing escapes or markup?
105 | {f(x|a,b,c_1,c_2,...,c_k) = f(x|a,b)(1 + c(1) h_i1(x) + c(2) h_i2(x) + ... + c(k) h_ik(x)). }
| ^
checkRd: (-1) secondDeriv.Rd:15: Lost braces
15 | This must be a function of the form FUN <- function(x, ...){...}
| ^
Flavors: r-devel-linux-x86_64-debian-clang, r-devel-linux-x86_64-debian-gcc, r-devel-linux-x86_64-fedora-clang, r-devel-linux-x86_64-fedora-gcc, r-devel-windows-x86_64, r-patched-linux-x86_64, r-release-macos-arm64, r-release-windows-x86_64