Last updated on 2024-05-03 05:53:21 CEST.
Flavor | Version | Tinstall | Tcheck | Ttotal | Status | Flags |
---|---|---|---|---|---|---|
r-devel-linux-x86_64-debian-clang | 1.0.0 | 6.87 | 49.99 | 56.86 | OK | |
r-devel-linux-x86_64-debian-gcc | 1.0.0 | 4.02 | 37.51 | 41.53 | OK | |
r-devel-linux-x86_64-fedora-clang | 1.0.0 | 69.75 | NOTE | |||
r-devel-linux-x86_64-fedora-gcc | 1.0.0 | 65.01 | NOTE | |||
r-devel-windows-x86_64 | 1.0.0 | 7.00 | 56.00 | 63.00 | OK | |
r-patched-linux-x86_64 | 1.0.0 | 5.91 | 46.48 | 52.39 | OK | |
r-release-linux-x86_64 | 1.0.0 | 5.25 | 47.98 | 53.23 | OK | |
r-release-macos-arm64 | 1.0.0 | 23.00 | OK | |||
r-release-windows-x86_64 | 1.0.0 | 7.00 | 53.00 | 60.00 | OK | |
r-oldrel-macos-arm64 | 1.0.0 | 24.00 | OK | |||
r-oldrel-macos-x86_64 | 1.0.0 | 37.00 | OK | |||
r-oldrel-windows-x86_64 | 1.0.0 | 7.00 | 60.00 | 67.00 | OK |
Version: 1.0.0
Check: dependencies in R code
Result: NOTE
Namespace in Imports field not imported from: ‘utils’
All declared Imports should be used.
Flavors: r-devel-linux-x86_64-fedora-clang, r-devel-linux-x86_64-fedora-gcc