Last updated on 2024-05-03 05:53:24 CEST.
Flavor | Version | Tinstall | Tcheck | Ttotal | Status | Flags |
---|---|---|---|---|---|---|
r-devel-linux-x86_64-debian-clang | 1.0.0 | 10.30 | 158.90 | 169.20 | NOTE | |
r-devel-linux-x86_64-debian-gcc | 1.0.0 | 7.82 | 116.87 | 124.69 | NOTE | |
r-devel-linux-x86_64-fedora-clang | 1.0.0 | 211.69 | NOTE | |||
r-devel-linux-x86_64-fedora-gcc | 1.0.0 | 243.60 | NOTE | |||
r-devel-windows-x86_64 | 1.0.0 | 11.00 | 138.00 | 149.00 | NOTE | |
r-patched-linux-x86_64 | 1.0.0 | 11.39 | 154.02 | 165.41 | NOTE | |
r-release-linux-x86_64 | 1.0.0 | 7.38 | 154.45 | 161.83 | NOTE | |
r-release-macos-arm64 | 1.0.0 | 65.00 | NOTE | |||
r-release-windows-x86_64 | 1.0.0 | 10.00 | 140.00 | 150.00 | NOTE | |
r-oldrel-macos-arm64 | 1.0.0 | 74.00 | NOTE | |||
r-oldrel-macos-x86_64 | 1.0.0 | 109.00 | NOTE | |||
r-oldrel-windows-x86_64 | 1.0.0 | 14.00 | 160.00 | 174.00 | NOTE |
Version: 1.0.0
Check: package subdirectories
Result: NOTE
Problems with news in ‘NEWS.md’:
Cannot extract version info from the following section titles:
Additional functions and data sets
Amendments to functions
Flavors: r-devel-linux-x86_64-debian-clang, r-devel-linux-x86_64-debian-gcc, r-devel-linux-x86_64-fedora-clang, r-devel-linux-x86_64-fedora-gcc, r-devel-windows-x86_64, r-patched-linux-x86_64, r-release-linux-x86_64, r-release-macos-arm64, r-release-windows-x86_64, r-oldrel-macos-arm64, r-oldrel-macos-x86_64, r-oldrel-windows-x86_64