Last updated on 2024-05-02 23:52:07 CEST.
Flavor | Version | Tinstall | Tcheck | Ttotal | Status | Flags |
---|---|---|---|---|---|---|
r-devel-linux-x86_64-debian-clang | 0.1.2 | 44.35 | 78.63 | 122.98 | NOTE | |
r-devel-linux-x86_64-debian-gcc | 0.1.2 | 30.77 | 57.60 | 88.37 | NOTE | |
r-devel-linux-x86_64-fedora-clang | 0.1.2 | 157.29 | NOTE | |||
r-devel-linux-x86_64-fedora-gcc | 0.1.2 | 166.70 | NOTE | |||
r-devel-windows-x86_64 | 0.1.2 | 36.00 | 95.00 | 131.00 | NOTE | |
r-patched-linux-x86_64 | 0.1.2 | 38.86 | 73.12 | 111.98 | NOTE | |
r-release-linux-x86_64 | 0.1.2 | 36.85 | 73.74 | 110.59 | NOTE | |
r-release-macos-arm64 | 0.1.2 | 41.00 | NOTE | |||
r-release-windows-x86_64 | 0.1.2 | 33.00 | 91.00 | 124.00 | NOTE | |
r-oldrel-macos-arm64 | 0.1.2 | 49.00 | NOTE | |||
r-oldrel-macos-x86_64 | 0.1.2 | 74.00 | NOTE | |||
r-oldrel-windows-x86_64 | 0.1.2 | 42.00 | 117.00 | 159.00 | NOTE |
Version: 0.1.2
Check: C++ specification
Result: NOTE
Specified C++11: please drop specification unless essential
Flavors: r-devel-linux-x86_64-debian-clang, r-devel-linux-x86_64-debian-gcc, r-devel-linux-x86_64-fedora-clang, r-devel-linux-x86_64-fedora-gcc, r-devel-windows-x86_64, r-patched-linux-x86_64, r-release-linux-x86_64, r-release-macos-arm64, r-release-windows-x86_64, r-oldrel-macos-arm64, r-oldrel-macos-x86_64, r-oldrel-windows-x86_64