Last updated on 2024-05-02 11:51:38 CEST.
Flavor | Version | Tinstall | Tcheck | Ttotal | Status | Flags |
---|---|---|---|---|---|---|
r-devel-linux-x86_64-debian-clang | 5.1 | 11.21 | 98.65 | 109.86 | OK | |
r-devel-linux-x86_64-debian-gcc | 5.1 | 6.44 | 69.20 | 75.64 | OK | |
r-devel-linux-x86_64-fedora-clang | 5.1 | 130.27 | NOTE | |||
r-devel-linux-x86_64-fedora-gcc | 5.1 | 120.61 | NOTE | |||
r-devel-windows-x86_64 | 5.1 | 11.00 | 262.00 | 273.00 | OK | |
r-patched-linux-x86_64 | 5.1 | 18.31 | 91.54 | 109.85 | OK | |
r-release-linux-x86_64 | 5.1 | 6.56 | 94.07 | 100.63 | OK | |
r-release-macos-arm64 | 5.1 | 38.00 | OK | |||
r-release-windows-x86_64 | 5.1 | 10.00 | 105.00 | 115.00 | OK | |
r-oldrel-macos-arm64 | 5.1 | 42.00 | OK | |||
r-oldrel-macos-x86_64 | 5.1 | 57.00 | OK | |||
r-oldrel-windows-x86_64 | 5.1 | 11.00 | 122.00 | 133.00 | OK |
Version: 5.1
Check: dependencies in R code
Result: NOTE
Namespaces in Imports field not imported from:
‘EMD’ ‘vars’
All declared Imports should be used.
Flavors: r-devel-linux-x86_64-fedora-clang, r-devel-linux-x86_64-fedora-gcc