Last updated on 2024-05-03 05:52:58 CEST.
Flavor | Version | Tinstall | Tcheck | Ttotal | Status | Flags |
---|---|---|---|---|---|---|
r-devel-linux-x86_64-debian-clang | 0.18.0 | 18.13 | 169.18 | 187.31 | OK | |
r-devel-linux-x86_64-debian-gcc | 0.18.0 | 19.08 | 124.06 | 143.14 | OK | |
r-devel-linux-x86_64-fedora-clang | 0.18.0 | 258.53 | OK | |||
r-devel-linux-x86_64-fedora-gcc | 0.18.0 | 257.11 | OK | |||
r-devel-windows-x86_64 | 0.18.0 | 21.00 | 135.00 | 156.00 | OK | |
r-patched-linux-x86_64 | 0.18.0 | 31.10 | 159.29 | 190.39 | OK | |
r-release-linux-x86_64 | 0.18.0 | 15.48 | 160.13 | 175.61 | OK | |
r-release-macos-arm64 | 0.18.0 | 66.00 | OK | |||
r-release-windows-x86_64 | 0.18.0 | 20.00 | 135.00 | 155.00 | OK | |
r-oldrel-macos-arm64 | 0.18.0 | 75.00 | NOTE | |||
r-oldrel-macos-x86_64 | 0.18.0 | 148.00 | NOTE | |||
r-oldrel-windows-x86_64 | 0.18.0 | 25.00 | 165.00 | 190.00 | OK |
Version: 0.18.0
Check: package dependencies
Result: NOTE
Package suggested but not available for checking: ‘rhdf5’
Flavors: r-oldrel-macos-arm64, r-oldrel-macos-x86_64