Last updated on 2024-05-03 05:52:58 CEST.
Flavor | Version | Tinstall | Tcheck | Ttotal | Status | Flags |
---|---|---|---|---|---|---|
r-devel-linux-x86_64-debian-clang | 1.3.3 | 5.97 | 52.50 | 58.47 | OK | |
r-devel-linux-x86_64-debian-gcc | 1.3.3 | 4.58 | 38.82 | 43.40 | OK | |
r-devel-linux-x86_64-fedora-clang | 1.3.3 | 73.47 | NOTE | |||
r-devel-linux-x86_64-fedora-gcc | 1.3.3 | 70.78 | OK | |||
r-devel-windows-x86_64 | 1.3.3 | 7.00 | 127.00 | 134.00 | OK | |
r-patched-linux-x86_64 | 1.3.3 | 5.86 | 48.65 | 54.51 | OK | |
r-release-linux-x86_64 | 1.3.3 | 5.52 | 49.31 | 54.83 | OK | |
r-release-macos-arm64 | 1.3.3 | 24.00 | OK | |||
r-release-windows-x86_64 | 1.3.3 | 7.00 | 64.00 | 71.00 | OK | |
r-oldrel-macos-arm64 | 1.3.3 | 38.00 | OK | |||
r-oldrel-macos-x86_64 | 1.3.3 | 79.00 | OK | |||
r-oldrel-windows-x86_64 | 1.3.3 | 7.00 | 70.00 | 77.00 | OK |
Version: 1.3.3
Check: Rd cross-references
Result: NOTE
Undeclared packages ‘geepack’, ‘dispmod’ in Rd xrefs
Flavor: r-devel-linux-x86_64-fedora-clang