Last updated on 2024-04-28 11:54:56 CEST.
Flavor | Version | Tinstall | Tcheck | Ttotal | Status | Flags |
---|---|---|---|---|---|---|
r-devel-linux-x86_64-debian-clang | 2.2.7 | 525.70 | 85.61 | 611.31 | OK | |
r-devel-linux-x86_64-debian-gcc | 2.2.7 | 468.65 | 91.48 | 560.13 | OK | |
r-devel-linux-x86_64-fedora-clang | 2.2.7 | 710.44 | OK | |||
r-devel-linux-x86_64-fedora-gcc | 2.2.8 | 634.44 | OK | |||
r-devel-windows-x86_64 | 2.2.7 | 345.00 | 120.00 | 465.00 | OK | |
r-patched-linux-x86_64 | 2.2.7 | 571.63 | 115.18 | 686.81 | OK | |
r-release-linux-x86_64 | 2.2.7 | 554.62 | 119.60 | 674.22 | OK | |
r-release-macos-arm64 | 2.2.7 | 172.00 | NOTE | |||
r-release-macos-x86_64 | 2.2.8 | 375.00 | NOTE | |||
r-release-windows-x86_64 | 2.2.7 | 358.00 | 125.00 | 483.00 | OK | |
r-oldrel-macos-arm64 | 2.2.7 | 188.00 | NOTE | |||
r-oldrel-macos-x86_64 | 2.2.8 | 371.00 | NOTE | |||
r-oldrel-windows-x86_64 | 2.2.7 | 481.00 | 160.00 | 641.00 | OK |
Version: 2.2.7
Check: installed package size
Result: NOTE
installed size is 129.5Mb
sub-directories of 1Mb or more:
libs 129.1Mb
Flavors: r-release-macos-arm64, r-oldrel-macos-arm64
Version: 2.2.8
Check: installed package size
Result: NOTE
installed size is 131.4Mb
sub-directories of 1Mb or more:
libs 131.0Mb
Flavors: r-release-macos-x86_64, r-oldrel-macos-x86_64