Last updated on 2024-04-28 06:02:36 CEST.
Flavor | Version | Tinstall | Tcheck | Ttotal | Status | Flags |
---|---|---|---|---|---|---|
r-devel-linux-x86_64-debian-clang | 0.2 | 55.60 | 38.23 | 93.83 | NOTE | |
r-devel-linux-x86_64-debian-gcc | 0.2 | 40.47 | 29.51 | 69.98 | NOTE | |
r-devel-linux-x86_64-fedora-clang | 0.2 | 130.18 | NOTE | |||
r-devel-linux-x86_64-fedora-gcc | 0.2 | 126.42 | NOTE | |||
r-devel-windows-x86_64 | 0.2 | 41.00 | 69.00 | 110.00 | NOTE | |
r-patched-linux-x86_64 | 0.2 | 33.57 | 36.57 | 70.14 | NOTE | |
r-release-linux-x86_64 | 0.2 | 37.17 | 37.66 | 74.83 | NOTE | |
r-release-macos-arm64 | 0.2 | 36.00 | NOTE | |||
r-release-windows-x86_64 | 0.2 | 43.00 | 71.00 | 114.00 | NOTE | |
r-oldrel-macos-arm64 | 0.2 | 37.00 | NOTE | |||
r-oldrel-macos-x86_64 | 0.2 | 61.00 | NOTE | |||
r-oldrel-windows-x86_64 | 0.2 | 53.00 | 77.00 | 130.00 | NOTE |
Version: 0.2
Check: LazyData
Result: NOTE
'LazyData' is specified without a 'data' directory
Flavors: r-devel-linux-x86_64-debian-clang, r-devel-linux-x86_64-debian-gcc, r-devel-linux-x86_64-fedora-clang, r-devel-linux-x86_64-fedora-gcc, r-devel-windows-x86_64, r-patched-linux-x86_64, r-release-linux-x86_64, r-release-macos-arm64, r-release-windows-x86_64, r-oldrel-macos-arm64, r-oldrel-macos-x86_64, r-oldrel-windows-x86_64