Last updated on 2024-05-03 05:53:01 CEST.
Flavor | Version | Tinstall | Tcheck | Ttotal | Status | Flags |
---|---|---|---|---|---|---|
r-devel-linux-x86_64-debian-clang | 0.8.0 | 38.41 | 550.68 | 589.09 | OK | |
r-devel-linux-x86_64-debian-gcc | 0.8.0 | 38.37 | 382.27 | 420.64 | OK | |
r-devel-linux-x86_64-fedora-clang | 0.8.0 | 725.76 | NOTE | |||
r-devel-linux-x86_64-fedora-gcc | 0.8.0 | 766.38 | OK | |||
r-devel-windows-x86_64 | 0.8.0 | 40.00 | 330.00 | 370.00 | NOTE | |
r-patched-linux-x86_64 | 0.8.0 | 44.23 | 513.64 | 557.87 | OK | |
r-release-linux-x86_64 | 0.8.0 | 42.74 | 517.40 | 560.14 | OK | |
r-release-macos-arm64 | 0.8.0 | 152.00 | NOTE | |||
r-release-windows-x86_64 | 0.8.0 | 37.00 | 328.00 | 365.00 | NOTE | |
r-oldrel-macos-arm64 | 0.8.0 | 172.00 | NOTE | |||
r-oldrel-macos-x86_64 | 0.8.0 | 310.00 | NOTE | |||
r-oldrel-windows-x86_64 | 0.8.0 | 54.00 | 459.00 | 513.00 | NOTE |
Version: 0.8.0
Check: installed package size
Result: NOTE
installed size is 5.5Mb
sub-directories of 1Mb or more:
doc 1.5Mb
help 2.2Mb
Flavors: r-devel-linux-x86_64-fedora-clang, r-devel-windows-x86_64, r-release-macos-arm64, r-release-windows-x86_64, r-oldrel-macos-arm64, r-oldrel-macos-x86_64, r-oldrel-windows-x86_64