Last updated on 2024-05-02 23:51:47 CEST.
Flavor | Version | Tinstall | Tcheck | Ttotal | Status | Flags |
---|---|---|---|---|---|---|
r-devel-linux-x86_64-debian-clang | 1.6.0 | 84.91 | 27.08 | 111.99 | OK | |
r-devel-linux-x86_64-debian-gcc | 1.6.0 | 62.89 | 21.29 | 84.18 | OK | |
r-devel-linux-x86_64-fedora-clang | 1.6.0 | 194.80 | OK | |||
r-devel-linux-x86_64-fedora-gcc | 1.6.0 | 172.17 | OK | |||
r-devel-windows-x86_64 | 1.6.0 | 72.00 | 67.00 | 139.00 | OK | |
r-patched-linux-x86_64 | 1.6.0 | 79.78 | 25.82 | 105.60 | OK | |
r-release-linux-x86_64 | 1.6.0 | 81.68 | 26.35 | 108.03 | OK | |
r-release-macos-arm64 | 1.6.0 | 45.00 | NOTE | |||
r-release-windows-x86_64 | 1.6.0 | 68.00 | 70.00 | 138.00 | OK | |
r-oldrel-macos-arm64 | 1.6.0 | 102.00 | NOTE | |||
r-oldrel-macos-x86_64 | 1.6.0 | 58.00 | NOTE | |||
r-oldrel-windows-x86_64 | 1.6.0 | 65.00 | 76.00 | 141.00 | OK |
Version: 1.6.0
Check: installed package size
Result: NOTE
installed size is 9.3Mb
sub-directories of 1Mb or more:
libs 9.3Mb
Flavors: r-release-macos-arm64, r-oldrel-macos-arm64, r-oldrel-macos-x86_64