Last updated on 2024-05-02 23:51:47 CEST.
Flavor | Version | Tinstall | Tcheck | Ttotal | Status | Flags |
---|---|---|---|---|---|---|
r-devel-linux-x86_64-debian-clang | 0.6.1 | 4.05 | 40.37 | 44.42 | NOTE | |
r-devel-linux-x86_64-debian-gcc | 0.6.1 | 3.36 | 30.40 | 33.76 | NOTE | |
r-devel-linux-x86_64-fedora-clang | 0.6.1 | 56.73 | NOTE | |||
r-devel-linux-x86_64-fedora-gcc | 0.6.1 | 78.07 | NOTE | |||
r-devel-windows-x86_64 | 0.6.1 | 6.00 | 56.00 | 62.00 | NOTE | |
r-patched-linux-x86_64 | 0.6.1 | 7.30 | 38.92 | 46.22 | NOTE | |
r-release-linux-x86_64 | 0.6.1 | 3.59 | 38.15 | 41.74 | NOTE | |
r-release-macos-arm64 | 0.6.1 | 34.00 | NOTE | |||
r-release-windows-x86_64 | 0.6.1 | 6.00 | 55.00 | 61.00 | NOTE | |
r-oldrel-macos-arm64 | 0.6.1 | 34.00 | NOTE | |||
r-oldrel-macos-x86_64 | 0.6.1 | 45.00 | NOTE | |||
r-oldrel-windows-x86_64 | 0.6.1 | 6.00 | 55.00 | 61.00 | NOTE |
Version: 0.6.1
Check: LazyData
Result: NOTE
'LazyData' is specified without a 'data' directory
Flavors: r-devel-linux-x86_64-debian-clang, r-devel-linux-x86_64-debian-gcc, r-devel-linux-x86_64-fedora-clang, r-devel-linux-x86_64-fedora-gcc, r-devel-windows-x86_64, r-patched-linux-x86_64, r-release-linux-x86_64, r-release-macos-arm64, r-release-windows-x86_64, r-oldrel-macos-arm64, r-oldrel-macos-x86_64, r-oldrel-windows-x86_64