Last updated on 2024-05-03 05:53:02 CEST.
Flavor | Version | Tinstall | Tcheck | Ttotal | Status | Flags |
---|---|---|---|---|---|---|
r-devel-linux-x86_64-debian-clang | 0.4.1 | 9.01 | 614.74 | 623.75 | OK | |
r-devel-linux-x86_64-debian-gcc | 0.4.1 | 6.63 | 430.44 | 437.07 | OK | |
r-devel-linux-x86_64-fedora-clang | 0.4.1 | 786.97 | OK | |||
r-devel-linux-x86_64-fedora-gcc | 0.4.1 | 803.04 | OK | |||
r-devel-windows-x86_64 | 0.4.1 | 12.00 | 420.00 | 432.00 | OK | |
r-patched-linux-x86_64 | 0.4.1 | 13.90 | 571.53 | 585.43 | OK | |
r-release-linux-x86_64 | 0.4.1 | 7.04 | 586.41 | 593.45 | OK | |
r-release-macos-arm64 | 0.4.1 | 184.00 | OK | |||
r-release-windows-x86_64 | 0.4.1 | 10.00 | 413.00 | 423.00 | OK | |
r-oldrel-macos-arm64 | 0.4.1 | 80.00 | NOTE | |||
r-oldrel-macos-x86_64 | 0.4.1 | 186.00 | NOTE | |||
r-oldrel-windows-x86_64 | 0.4.1 | 13.00 | 537.00 | 550.00 | OK |
Version: 0.4.1
Check: package dependencies
Result: NOTE
Package suggested but not available for checking: ‘phyloseq’
Flavors: r-oldrel-macos-arm64, r-oldrel-macos-x86_64