Last updated on 2024-05-03 05:53:02 CEST.
Flavor | Version | Tinstall | Tcheck | Ttotal | Status | Flags |
---|---|---|---|---|---|---|
r-devel-linux-x86_64-debian-clang | 0.2.0 | 14.13 | 219.11 | 233.24 | OK | |
r-devel-linux-x86_64-debian-gcc | 0.2.0 | 12.82 | 165.57 | 178.39 | OK | |
r-devel-linux-x86_64-fedora-clang | 0.2.0 | 298.34 | NOTE | |||
r-devel-linux-x86_64-fedora-gcc | 0.2.0 | 308.25 | NOTE | |||
r-devel-windows-x86_64 | 0.2.0 | 16.00 | 178.00 | 194.00 | OK | |
r-patched-linux-x86_64 | 0.2.0 | 15.75 | 210.02 | 225.77 | OK | |
r-release-linux-x86_64 | 0.2.0 | 15.69 | 209.63 | 225.32 | OK | |
r-release-macos-arm64 | 0.2.0 | 88.00 | OK | |||
r-release-windows-x86_64 | 0.2.0 | 15.00 | 176.00 | 191.00 | OK | |
r-oldrel-macos-arm64 | 0.2.0 | 84.00 | OK | |||
r-oldrel-macos-x86_64 | 0.2.0 | 143.00 | OK | |||
r-oldrel-windows-x86_64 | 0.2.0 | 20.00 | 224.00 | 244.00 | OK |
Version: 0.2.0
Check: dependencies in R code
Result: NOTE
Namespace in Imports field not imported from: ‘utils’
All declared Imports should be used.
Flavors: r-devel-linux-x86_64-fedora-clang, r-devel-linux-x86_64-fedora-gcc