Last updated on 2024-05-03 05:53:02 CEST.
Flavor | Version | Tinstall | Tcheck | Ttotal | Status | Flags |
---|---|---|---|---|---|---|
r-devel-linux-x86_64-debian-clang | 0.9.3 | 3.14 | 29.58 | 32.72 | OK | |
r-devel-linux-x86_64-debian-gcc | 0.9.3 | 2.59 | 22.92 | 25.51 | OK | |
r-devel-linux-x86_64-fedora-clang | 1.0.0 | 76.89 | NOTE | |||
r-devel-linux-x86_64-fedora-gcc | 0.9.3 | 52.52 | OK | |||
r-devel-windows-x86_64 | 1.0.0 | 25.00 | 63.00 | 88.00 | NOTE | |
r-patched-linux-x86_64 | 0.9.3 | 2.28 | 28.72 | 31.00 | OK | |
r-release-linux-x86_64 | 0.9.3 | 3.21 | 28.76 | 31.97 | OK | |
r-release-macos-arm64 | 1.0.0 | 39.00 | NOTE | |||
r-release-macos-x86_64 | 1.0.0 | 86.00 | NOTE | |||
r-release-windows-x86_64 | 0.9.3 | 6.00 | 47.00 | 53.00 | ERROR | |
r-oldrel-macos-arm64 | 1.0.0 | 42.00 | NOTE | |||
r-oldrel-macos-x86_64 | 1.0.0 | 77.00 | NOTE | |||
r-oldrel-windows-x86_64 | 1.0.0 | 28.00 | 50.00 | 78.00 | NOTE |
Version: 1.0.0
Check: installed package size
Result: NOTE
installed size is 6.0Mb
sub-directories of 1Mb or more:
help 4.8Mb
Flavors: r-devel-linux-x86_64-fedora-clang, r-devel-windows-x86_64, r-release-macos-arm64, r-release-macos-x86_64, r-oldrel-macos-arm64, r-oldrel-macos-x86_64, r-oldrel-windows-x86_64
Version: 1.0.0
Check: dependencies in R code
Result: NOTE
Namespace in Imports field not imported from: ‘usethis’
All declared Imports should be used.
Flavor: r-devel-linux-x86_64-fedora-clang
Version: 0.9.3
Check: examples
Result: ERROR
Running examples in 'covidsymptom-Ex.R' failed
The error most likely occurred in:
> ### Name: get_latest_data
> ### Title: Retrieve updated COVID Symptom Study Sweden (CSSS) data
> ### Aliases: get_latest_data
>
> ### ** Examples
>
> df <- get_latest_data(data_level = "county")
Warning in file(file, "rt") :
URL 'https://raw.githubusercontent.com/csss-resultat/openData/main/datasets/lan_senaste.csv': status was 'SSL connect error'
Error in file(file, "rt") :
cannot open the connection to 'https://raw.githubusercontent.com/csss-resultat/openData/main/datasets/lan_senaste.csv'
Calls: get_latest_data -> <Anonymous> -> read.table -> file
Execution halted
Flavor: r-release-windows-x86_64