Last updated on 2024-05-03 05:53:02 CEST.
Flavor | Version | Tinstall | Tcheck | Ttotal | Status | Flags |
---|---|---|---|---|---|---|
r-devel-linux-x86_64-debian-clang | 0.3.3 | 15.93 | 191.36 | 207.29 | OK | |
r-devel-linux-x86_64-debian-gcc | 0.3.3 | 12.40 | 138.56 | 150.96 | OK | |
r-devel-linux-x86_64-fedora-clang | 0.3.3 | 264.54 | NOTE | |||
r-devel-linux-x86_64-fedora-gcc | 0.3.3 | 254.77 | NOTE | |||
r-devel-windows-x86_64 | 0.3.3 | 15.00 | 161.00 | 176.00 | OK | |
r-patched-linux-x86_64 | 0.3.3 | 24.21 | 179.66 | 203.87 | OK | |
r-release-linux-x86_64 | 0.3.3 | 15.98 | 183.92 | 199.90 | OK | |
r-release-macos-arm64 | 0.3.3 | 75.00 | OK | |||
r-release-windows-x86_64 | 0.3.3 | 16.00 | 162.00 | 178.00 | OK | |
r-oldrel-macos-arm64 | 0.3.3 | 86.00 | OK | |||
r-oldrel-macos-x86_64 | 0.3.3 | 122.00 | OK | |||
r-oldrel-windows-x86_64 | 0.3.3 | 21.00 | 195.00 | 216.00 | OK |
Version: 0.3.3
Check: dependencies in R code
Result: NOTE
Namespace in Imports field not imported from: ‘mediation’
All declared Imports should be used.
Flavors: r-devel-linux-x86_64-fedora-clang, r-devel-linux-x86_64-fedora-gcc