Last updated on 2024-05-02 23:51:48 CEST.
Flavor | Version | Tinstall | Tcheck | Ttotal | Status | Flags |
---|---|---|---|---|---|---|
r-devel-linux-x86_64-debian-clang | 0.6.0 | 7.08 | 439.65 | 446.73 | OK | |
r-devel-linux-x86_64-debian-gcc | 0.6.0 | 7.49 | 337.38 | 344.87 | OK | |
r-devel-linux-x86_64-fedora-clang | 0.6.0 | 517.88 | NOTE | |||
r-devel-linux-x86_64-fedora-gcc | 0.6.0 | 560.16 | OK | |||
r-devel-windows-x86_64 | 0.6.0 | 11.00 | 312.00 | 323.00 | NOTE | |
r-patched-linux-x86_64 | 0.6.0 | 9.54 | 425.65 | 435.19 | OK | |
r-release-linux-x86_64 | 0.6.0 | 7.22 | 431.91 | 439.13 | OK | |
r-release-macos-arm64 | 0.6.0 | 157.00 | NOTE | |||
r-release-windows-x86_64 | 0.6.0 | 9.00 | 78.00 | 87.00 | ERROR | |
r-oldrel-macos-arm64 | 0.6.0 | 195.00 | NOTE | |||
r-oldrel-macos-x86_64 | 0.6.0 | 346.00 | NOTE | |||
r-oldrel-windows-x86_64 | 0.6.0 | 12.00 | 441.00 | 453.00 | NOTE |
Version: 0.6.0
Check: installed package size
Result: NOTE
installed size is 5.4Mb
sub-directories of 1Mb or more:
doc 5.1Mb
Flavors: r-devel-linux-x86_64-fedora-clang, r-devel-windows-x86_64, r-release-macos-arm64, r-release-windows-x86_64, r-oldrel-macos-arm64, r-oldrel-macos-x86_64, r-oldrel-windows-x86_64
Version: 0.6.0
Check: re-building of vignette outputs
Result: ERROR
Error(s) in re-building vignettes:
--- re-building 'cranly.Rmd' using rmarkdown
Quitting from lines at lines 37-38 [unnamed-chunk-2] (cranly.Rmd)
Error: processing vignette 'cranly.Rmd' failed with diagnostics:
cannot open the connection to 'https://raw.githubusercontent.com/ikosmidis/cranly/develop/inst/extdata/cran_db.rds'
--- failed re-building 'cranly.Rmd'
--- re-building 'dependence_trees.Rmd' using rmarkdown
Quitting from lines at lines 39-40 [unnamed-chunk-2] (dependence_trees.Rmd)
Error: processing vignette 'dependence_trees.Rmd' failed with diagnostics:
cannot open the connection to 'https://raw.githubusercontent.com/ikosmidis/cranly/develop/inst/extdata/package_network.rds'
--- failed re-building 'dependence_trees.Rmd'
--- re-building 'extractors.Rmd' using rmarkdown
--- finished re-building 'extractors.Rmd'
SUMMARY: processing the following files failed:
'cranly.Rmd' 'dependence_trees.Rmd'
Error: Vignette re-building failed.
Execution halted
Flavor: r-release-windows-x86_64