Last updated on 2024-05-03 05:53:03 CEST.
Flavor | Version | Tinstall | Tcheck | Ttotal | Status | Flags |
---|---|---|---|---|---|---|
r-devel-linux-x86_64-debian-clang | 1.0.3 | 14.54 | 546.21 | 560.75 | OK | |
r-devel-linux-x86_64-debian-gcc | 1.0.3 | 15.52 | 395.53 | 411.05 | OK | |
r-devel-linux-x86_64-fedora-clang | 1.0.3 | 683.83 | NOTE | |||
r-devel-linux-x86_64-fedora-gcc | 1.0.3 | 663.68 | OK | |||
r-devel-windows-x86_64 | 1.0.3 | 17.00 | 320.00 | 337.00 | NOTE | |
r-patched-linux-x86_64 | 1.0.3 | 18.60 | 512.48 | 531.08 | OK | |
r-release-linux-x86_64 | 1.0.3 | 13.38 | 517.19 | 530.57 | OK | |
r-release-macos-arm64 | 1.0.3 | 148.00 | NOTE | |||
r-release-macos-x86_64 | 1.0.3 | 260.00 | NOTE | |||
r-release-windows-x86_64 | 1.0.3 | 19.00 | 323.00 | 342.00 | NOTE | |
r-oldrel-macos-arm64 | 1.0.3 | 128.00 | NOTE | |||
r-oldrel-macos-x86_64 | 1.0.3 | 186.00 | NOTE | |||
r-oldrel-windows-x86_64 | 1.0.3 | 22.00 | 428.00 | 450.00 | NOTE |
Version: 1.0.3
Check: installed package size
Result: NOTE
installed size is 8.2Mb
sub-directories of 1Mb or more:
doc 7.9Mb
Flavors: r-devel-linux-x86_64-fedora-clang, r-devel-windows-x86_64, r-release-macos-arm64, r-release-macos-x86_64, r-release-windows-x86_64, r-oldrel-macos-arm64, r-oldrel-macos-x86_64, r-oldrel-windows-x86_64