Last updated on 2024-05-02 17:50:09 CEST.
Flavor | Version | Tinstall | Tcheck | Ttotal | Status | Flags |
---|---|---|---|---|---|---|
r-devel-linux-x86_64-debian-clang | 1.6.1 | 16.93 | 548.51 | 565.44 | OK | |
r-devel-linux-x86_64-debian-gcc | 1.6.1 | 16.25 | 388.19 | 404.44 | OK | |
r-devel-linux-x86_64-fedora-clang | 1.6.1 | 667.53 | OK | |||
r-devel-linux-x86_64-fedora-gcc | 1.6.1 | 681.04 | OK | |||
r-devel-windows-x86_64 | 1.6.1 | 17.00 | 359.00 | 376.00 | OK | |
r-patched-linux-x86_64 | 1.6.1 | 14.99 | 512.21 | 527.20 | OK | |
r-release-linux-x86_64 | 1.6.1 | 13.66 | 513.01 | 526.67 | OK | |
r-release-macos-arm64 | 1.6.1 | 190.00 | OK | |||
r-release-macos-x86_64 | 1.6.1 | 378.00 | OK | |||
r-release-windows-x86_64 | 1.6.1 | 16.00 | 356.00 | 372.00 | OK | |
r-oldrel-macos-arm64 | 1.6.1 | 183.00 | OK | |||
r-oldrel-macos-x86_64 | 1.6.1 | 376.00 | NOTE | |||
r-oldrel-windows-x86_64 | 1.6.1 | 24.00 | 497.00 | 521.00 | OK |
Version: 1.6.1
Check: installed package size
Result: NOTE
installed size is 5.7Mb
sub-directories of 1Mb or more:
data 2.1Mb
doc 2.4Mb
Flavor: r-oldrel-macos-x86_64