Last updated on 2024-05-02 17:50:10 CEST.
Flavor | Version | Tinstall | Tcheck | Ttotal | Status | Flags |
---|---|---|---|---|---|---|
r-devel-linux-x86_64-debian-clang | 1.2-1 | 2.58 | 221.84 | 224.42 | NOTE | |
r-devel-linux-x86_64-debian-gcc | 1.2-1 | 1.34 | 168.89 | 170.23 | NOTE | |
r-devel-linux-x86_64-fedora-clang | 1.2-1 | 283.15 | NOTE | |||
r-devel-linux-x86_64-fedora-gcc | 1.2-1 | 314.69 | NOTE | |||
r-devel-windows-x86_64 | 1.2-1 | 4.00 | 209.00 | 213.00 | NOTE | |
r-patched-linux-x86_64 | 1.2-1 | 2.56 | 232.15 | 234.71 | NOTE | |
r-release-linux-x86_64 | 1.2-1 | 2.30 | 239.08 | 241.38 | NOTE | |
r-release-macos-arm64 | 1.2-1 | 114.00 | NOTE | |||
r-release-windows-x86_64 | 1.2-1 | 4.00 | 203.00 | 207.00 | NOTE | |
r-oldrel-macos-arm64 | 1.2-1 | 121.00 | OK | |||
r-oldrel-macos-x86_64 | 1.2-1 | 194.00 | OK | |||
r-oldrel-windows-x86_64 | 1.2-1 | 3.00 | 216.00 | 219.00 | OK |
Version: 1.2-1
Check: Rd files
Result: NOTE
checkRd: (-1) deconv.Rd:85: Lost braces; missing escapes or markup?
85 | \code{tg}, std. error of \eqn{g}, \eqn{G} (the cdf of {g}),
| ^
Flavors: r-devel-linux-x86_64-debian-clang, r-devel-linux-x86_64-debian-gcc, r-devel-linux-x86_64-fedora-clang, r-devel-linux-x86_64-fedora-gcc, r-devel-windows-x86_64, r-patched-linux-x86_64, r-release-linux-x86_64, r-release-macos-arm64, r-release-windows-x86_64