Last updated on 2024-05-03 11:52:59 CEST.
Flavor | Version | Tinstall | Tcheck | Ttotal | Status | Flags |
---|---|---|---|---|---|---|
r-devel-linux-x86_64-debian-clang | 0.3.0 | 3.30 | 54.07 | 57.37 | OK | |
r-devel-linux-x86_64-fedora-clang | 0.3.0 | 74.32 | OK | |||
r-devel-linux-x86_64-fedora-gcc | 0.3.0 | 84.90 | OK | |||
r-devel-windows-x86_64 | 0.3.0 | 5.00 | 71.00 | 76.00 | OK | |
r-patched-linux-x86_64 | 0.3.0 | 4.17 | 52.87 | 57.04 | OK | |
r-release-linux-x86_64 | 0.3.0 | 3.30 | 51.99 | 55.29 | OK | |
r-release-macos-arm64 | 0.3.0 | 39.00 | OK | |||
r-release-windows-x86_64 | 0.3.0 | 4.00 | 70.00 | 74.00 | ERROR | |
r-oldrel-macos-arm64 | 0.3.0 | 39.00 | OK | |||
r-oldrel-macos-x86_64 | 0.3.0 | 54.00 | OK | |||
r-oldrel-windows-x86_64 | 0.3.0 | 6.00 | 75.00 | 81.00 | OK |
Version: 0.3.0
Check: re-building of vignette outputs
Result: ERROR
Error(s) in re-building vignettes:
--- re-building 'custom.Rmd' using rmarkdown
Quitting from lines at lines 77-85 [unnamed-chunk-7] (custom.Rmd)
Error: processing vignette 'custom.Rmd' failed with diagnostics:
cannot open the connection to 'https://raw.githubusercontent.com/metrumresearchgroup/covrpage/master/_pkgdown.yml'
--- failed re-building 'custom.Rmd'
--- re-building 'documentation.Rmd' using rmarkdown
--- finished re-building 'documentation.Rmd'
--- re-building 'engine.Rmd' using rmarkdown
--- finished re-building 'engine.Rmd'
--- re-building 'objects.Rmd' using rmarkdown
--- finished re-building 'objects.Rmd'
--- re-building 'sessioninfo.Rmd' using rmarkdown
--- finished re-building 'sessioninfo.Rmd'
--- re-building 'tests_and_coverage.Rmd' using rmarkdown
[WARNING] Could not fetch resource https://github.com/yonicd/covrpage/blob/actions/inst/logo/gh.png?raw=true: HttpExceptionRequest Request {
host = "github.com"
port = 443
secure = True
requestHeaders = []
path = "/yonicd/covrpage/blob/actions/inst/logo/gh.png"
queryString = "?raw=true"
method = "GET"
proxy = Nothing
rawBody = False
redirectCount = 10
responseTimeout = ResponseTimeoutDefault
requestVersion = HTTP/1.1
proxySecureMode = ProxySecureWithConnect
}
(InternalException (HandshakeFailed (Error_Misc "Network.Socket.recvBuf: invalid argument (Invalid argument)")))
--- finished re-building 'tests_and_coverage.Rmd'
SUMMARY: processing the following file failed:
'custom.Rmd'
Error: Vignette re-building failed.
Execution halted
Flavor: r-release-windows-x86_64