Last updated on 2024-05-03 05:53:04 CEST.
Flavor | Version | Tinstall | Tcheck | Ttotal | Status | Flags |
---|---|---|---|---|---|---|
r-devel-linux-x86_64-debian-clang | 1.0.0 | 3.90 | 344.58 | 348.48 | OK | |
r-devel-linux-x86_64-debian-gcc | 1.0.0 | 2.99 | 240.96 | 243.95 | OK | |
r-devel-linux-x86_64-fedora-clang | 1.0.0 | 426.46 | NOTE | |||
r-devel-linux-x86_64-fedora-gcc | 1.0.0 | 433.50 | OK | |||
r-devel-windows-x86_64 | 1.0.0 | 5.00 | 324.00 | 329.00 | OK | |
r-patched-linux-x86_64 | 1.0.0 | 3.36 | 315.77 | 319.13 | OK | |
r-release-linux-x86_64 | 1.0.0 | 3.68 | 329.77 | 333.45 | OK | |
r-release-macos-arm64 | 1.0.0 | 121.00 | OK | |||
r-release-windows-x86_64 | 1.0.0 | 5.00 | 338.00 | 343.00 | OK | |
r-oldrel-macos-arm64 | 1.0.0 | 122.00 | OK | |||
r-oldrel-macos-x86_64 | 1.0.0 | 259.00 | OK | |||
r-oldrel-windows-x86_64 | 1.0.0 | 6.00 | 364.00 | 370.00 | OK |
Version: 1.0.0
Check: Rd cross-references
Result: NOTE
Undeclared package ‘palaeoverse’ in Rd xrefs
Flavor: r-devel-linux-x86_64-fedora-clang