Last updated on 2024-03-28 11:53:24 CET.
Flavor | Version | Tinstall | Tcheck | Ttotal | Status | Flags |
---|---|---|---|---|---|---|
r-devel-linux-x86_64-debian-clang | 1.1.4 | 28.65 | 372.08 | 400.73 | OK | |
r-devel-linux-x86_64-debian-gcc | 1.1.4 | 23.23 | 263.82 | 287.05 | OK | |
r-devel-linux-x86_64-fedora-clang | 1.1.4 | 525.23 | NOTE | |||
r-devel-linux-x86_64-fedora-gcc | 1.1.4 | 502.79 | NOTE | |||
r-devel-windows-x86_64 | 1.1.4 | 1.00 | 5.00 | 6.00 | ERROR | |
r-patched-linux-x86_64 | 1.1.4 | 35.39 | 350.12 | 385.51 | OK | |
r-release-linux-x86_64 | 1.1.4 | 27.46 | 353.43 | 380.89 | OK | |
r-release-macos-arm64 | 1.1.4 | 136.00 | OK | |||
r-release-macos-x86_64 | 1.1.4 | 480.00 | OK | |||
r-release-windows-x86_64 | 1.1.4 | 1.00 | 5.00 | 6.00 | ERROR | |
r-oldrel-macos-arm64 | 1.1.4 | 131.00 | OK | |||
r-oldrel-windows-x86_64 | 1.1.4 | 36.00 | 357.00 | 393.00 | OK |
Version: 1.1.4
Check: data for non-ASCII characters
Result: NOTE
Note: found 4 marked UTF-8 strings
Flavors: r-devel-linux-x86_64-fedora-clang, r-devel-linux-x86_64-fedora-gcc
Version: 1.1.4
Check: whether package can be installed
Result: ERROR
Installation failed.
Flavors: r-devel-windows-x86_64, r-release-windows-x86_64