Last updated on 2024-05-02 23:51:50 CEST.
Flavor | Version | Tinstall | Tcheck | Ttotal | Status | Flags |
---|---|---|---|---|---|---|
r-devel-linux-x86_64-debian-clang | 1.2.6.4 | 3.51 | 59.54 | 63.05 | OK | |
r-devel-linux-x86_64-debian-gcc | 1.2.6.4 | 2.93 | 43.72 | 46.65 | OK | |
r-devel-linux-x86_64-fedora-clang | 1.2.6.4 | 80.20 | OK | |||
r-devel-linux-x86_64-fedora-gcc | 1.2.6.4 | 89.00 | OK | |||
r-devel-windows-x86_64 | 1.2.6.4 | 8.00 | 83.00 | 91.00 | OK | |
r-patched-linux-x86_64 | 1.2.6.4 | 3.68 | 56.00 | 59.68 | OK | |
r-release-linux-x86_64 | 1.2.6.4 | 4.30 | 57.75 | 62.05 | OK | |
r-release-macos-arm64 | 1.2.6.4 | 31.00 | OK | |||
r-release-windows-x86_64 | 1.2.6.4 | 9.00 | 81.00 | 90.00 | OK | |
r-oldrel-macos-arm64 | 1.2.6.4 | 42.00 | OK | |||
r-oldrel-macos-x86_64 | 1.2.6.4 | 60.00 | NOTE | |||
r-oldrel-windows-x86_64 | 1.2.6.4 | 10.00 | 85.00 | 95.00 | OK |
Version: 1.2.6.4
Check: package dependencies
Result: NOTE
Package suggested but not available for checking: ‘seacarb’
Flavor: r-oldrel-macos-x86_64