Last updated on 2024-05-03 05:53:04 CEST.
Flavor | Version | Tinstall | Tcheck | Ttotal | Status | Flags |
---|---|---|---|---|---|---|
r-devel-linux-x86_64-debian-clang | 1.0.0 | 93.97 | 228.79 | 322.76 | NOTE | |
r-devel-linux-x86_64-debian-gcc | 1.0.0 | 69.85 | 638.33 | 708.18 | NOTE | |
r-devel-linux-x86_64-fedora-clang | 1.0.0 | 622.50 | NOTE | |||
r-devel-linux-x86_64-fedora-gcc | 1.0.0 | 756.28 | NOTE | |||
r-devel-windows-x86_64 | 1.0.0 | 74.00 | 266.00 | 340.00 | NOTE | |
r-patched-linux-x86_64 | 1.0.0 | 86.55 | 650.69 | 737.24 | NOTE | |
r-release-linux-x86_64 | 1.0.0 | 97.33 | 697.30 | 794.63 | NOTE | |
r-release-macos-arm64 | 1.0.0 | 98.00 | NOTE | |||
r-release-windows-x86_64 | 1.0.0 | 72.00 | 262.00 | 334.00 | NOTE | |
r-oldrel-macos-arm64 | 1.0.0 | 132.00 | NOTE | |||
r-oldrel-macos-x86_64 | 1.0.0 | 215.00 | NOTE | |||
r-oldrel-windows-x86_64 | 1.0.0 | 92.00 | 274.00 | 366.00 | NOTE |
Version: 1.0.0
Check: C++ specification
Result: NOTE
Specified C++11: please drop specification unless essential
Flavors: r-devel-linux-x86_64-debian-clang, r-devel-linux-x86_64-debian-gcc, r-devel-linux-x86_64-fedora-clang, r-devel-linux-x86_64-fedora-gcc, r-devel-windows-x86_64, r-patched-linux-x86_64, r-release-linux-x86_64, r-release-macos-arm64, r-release-windows-x86_64, r-oldrel-macos-arm64, r-oldrel-macos-x86_64, r-oldrel-windows-x86_64
Version: 1.0.0
Check: Rd files
Result: NOTE
checkRd: (-1) em.Rd:25: Lost braces
25 | \code{terms} the code{terms} object used.
| ^
checkRd: (-1) em.clogit.Rd:65: Lost braces
65 | \code{terms} the code{terms} object used.
| ^
checkRd: (-1) em.default.Rd:65: Lost braces
65 | \code{terms} the code{terms} object used.
| ^
checkRd: (-1) em.fitdist.Rd:49: Lost braces
49 | \code{terms} the code{terms} object used.
| ^
checkRd: (-1) em.glmerMod.Rd:50: Lost braces
50 | \code{terms} the code{terms} object used.
| ^
checkRd: (-1) em.panelmodel.Rd:49: Lost braces
49 | \code{terms} the code{terms} object used.
| ^
Flavors: r-devel-linux-x86_64-debian-clang, r-devel-linux-x86_64-debian-gcc, r-devel-linux-x86_64-fedora-clang, r-devel-linux-x86_64-fedora-gcc, r-devel-windows-x86_64, r-patched-linux-x86_64, r-release-linux-x86_64, r-release-macos-arm64, r-release-windows-x86_64