Last updated on 2024-05-01 17:54:17 CEST.
Flavor | Version | Tinstall | Tcheck | Ttotal | Status | Flags |
---|---|---|---|---|---|---|
r-devel-linux-x86_64-debian-clang | 1.3.11 | 19.04 | 152.43 | 171.47 | OK | |
r-devel-linux-x86_64-debian-gcc | 1.3.11 | 18.23 | 109.76 | 127.99 | OK | |
r-devel-linux-x86_64-fedora-clang | 1.3.11 | 211.73 | NOTE | |||
r-devel-linux-x86_64-fedora-gcc | 1.3.11 | 197.21 | NOTE | |||
r-devel-windows-x86_64 | 1.3.11 | 17.00 | 118.00 | 135.00 | OK | |
r-patched-linux-x86_64 | 1.3.11 | 12.84 | 143.53 | 156.37 | OK | |
r-release-linux-x86_64 | 1.3.11 | 12.88 | 139.11 | 151.99 | OK | |
r-release-macos-arm64 | 1.3.11 | 49.00 | OK | |||
r-release-windows-x86_64 | 1.3.11 | 19.00 | 117.00 | 136.00 | OK | |
r-oldrel-macos-arm64 | 1.3.11 | 56.00 | OK | |||
r-oldrel-macos-x86_64 | 1.3.11 | 97.00 | OK | |||
r-oldrel-windows-x86_64 | 1.3.11 | 23.00 | 148.00 | 171.00 | OK |
Version: 1.3.11
Check: data for non-ASCII characters
Result: NOTE
Note: found 23639 marked Latin-1 strings
Flavors: r-devel-linux-x86_64-fedora-clang, r-devel-linux-x86_64-fedora-gcc