Last updated on 2024-05-03 05:53:05 CEST.
Flavor | Version | Tinstall | Tcheck | Ttotal | Status | Flags |
---|---|---|---|---|---|---|
r-devel-linux-x86_64-debian-clang | 2.1.0 | 155.83 | 38.40 | 194.23 | OK | |
r-devel-linux-x86_64-debian-gcc | 2.1.0 | 116.75 | 29.86 | 146.61 | OK | |
r-devel-linux-x86_64-fedora-clang | 2.1.0 | 308.85 | OK | |||
r-devel-linux-x86_64-fedora-gcc | 2.1.0 | 302.37 | OK | |||
r-devel-windows-x86_64 | 2.1.0 | 115.00 | 79.00 | 194.00 | OK | |
r-patched-linux-x86_64 | 2.1.0 | 156.52 | 37.55 | 194.07 | OK | |
r-release-linux-x86_64 | 2.1.0 | 152.52 | 38.08 | 190.60 | OK | |
r-release-macos-arm64 | 2.1.0 | 54.00 | NOTE | |||
r-release-windows-x86_64 | 2.1.0 | 116.00 | 79.00 | 195.00 | OK | |
r-oldrel-macos-arm64 | 2.1.0 | 81.00 | NOTE | |||
r-oldrel-macos-x86_64 | 2.1.0 | 118.00 | NOTE | |||
r-oldrel-windows-x86_64 | 2.1.0 | 123.00 | 86.00 | 209.00 | OK |
Version: 2.1.0
Check: installed package size
Result: NOTE
installed size is 7.6Mb
sub-directories of 1Mb or more:
doc 1.8Mb
libs 5.7Mb
Flavors: r-release-macos-arm64, r-oldrel-macos-arm64, r-oldrel-macos-x86_64