Last updated on 2024-05-03 11:53:01 CEST.
Flavor | Version | Tinstall | Tcheck | Ttotal | Status | Flags |
---|---|---|---|---|---|---|
r-devel-linux-x86_64-debian-clang | 0.1.2 | 4.50 | 41.18 | 45.68 | OK | |
r-devel-linux-x86_64-fedora-clang | 0.1.2 | 58.51 | OK | |||
r-devel-linux-x86_64-fedora-gcc | 0.1.2 | 67.03 | OK | |||
r-devel-windows-x86_64 | 0.1.2 | 4.00 | 54.00 | 58.00 | OK | |
r-patched-linux-x86_64 | 0.1.2 | 2.47 | 39.33 | 41.80 | OK | |
r-release-linux-x86_64 | 0.1.2 | 3.95 | 38.50 | 42.45 | OK | |
r-release-macos-arm64 | 0.1.2 | 28.00 | OK | |||
r-release-macos-x86_64 | 0.1.2 | 65.00 | OK | |||
r-release-windows-x86_64 | 0.1.2 | 4.00 | 51.00 | 55.00 | ERROR | |
r-oldrel-macos-arm64 | 0.1.2 | 33.00 | OK | |||
r-oldrel-macos-x86_64 | 0.1.2 | 50.00 | OK | |||
r-oldrel-windows-x86_64 | 0.1.2 | 5.00 | 56.00 | 61.00 | OK |
Version: 0.1.2
Check: re-building of vignette outputs
Result: ERROR
Error(s) in re-building vignettes:
--- re-building 'flashr.Rmd' using rmarkdown
Quitting from lines at lines 56-57 [unnamed-chunk-6] (flashr.Rmd)
Error: processing vignette 'flashr.Rmd' failed with diagnostics:
cannot open the connection to 'https://raw.githubusercontent.com/JeffreyRStevens/flashr_decks/main/decks/00_all_decks.csv'
--- failed re-building 'flashr.Rmd'
SUMMARY: processing the following file failed:
'flashr.Rmd'
Error: Vignette re-building failed.
Execution halted
Flavor: r-release-windows-x86_64