Last updated on 2024-05-03 05:53:07 CEST.
Flavor | Version | Tinstall | Tcheck | Ttotal | Status | Flags |
---|---|---|---|---|---|---|
r-devel-linux-x86_64-debian-clang | 7.0 | 10.57 | 87.26 | 97.83 | OK | |
r-devel-linux-x86_64-debian-gcc | 7.0 | 9.56 | 62.16 | 71.72 | OK | |
r-devel-linux-x86_64-fedora-clang | 7.0 | 121.53 | OK | |||
r-devel-linux-x86_64-fedora-gcc | 7.0 | 121.47 | OK | |||
r-devel-windows-x86_64 | 7.0 | 13.00 | 83.00 | 96.00 | OK | |
r-patched-linux-x86_64 | 7.0 | 9.64 | 79.29 | 88.93 | OK | |
r-release-linux-x86_64 | 7.0 | 8.17 | 81.56 | 89.73 | OK | |
r-release-macos-arm64 | 7.0 | 34.00 | OK | |||
r-release-windows-x86_64 | 7.0 | 10.00 | 84.00 | 94.00 | OK | |
r-oldrel-macos-arm64 | 7.0 | 36.00 | OK | |||
r-oldrel-macos-x86_64 | 7.0 | 69.00 | ERROR | |||
r-oldrel-windows-x86_64 | 7.0 | 14.00 | 99.00 | 113.00 | OK |
Version: 7.0
Check: examples
Result: ERROR
Running examples in ‘gluvarpro-Ex.R’ failed
The error most likely occurred in:
> ### Name: preprocessgvp
> ### Title: preprocessing raw data from continuous glucose monitoring
> ### Aliases: preprocessgvp
>
> ### ** Examples
>
> data("datagvp4")
> preprocessgvp(datagvp4)
Error in preprocessgvp(datagvp4) :
Variable date and time must have yyyy/mm/dd and hh:mm:ss format.
Execution halted
Flavor: r-oldrel-macos-x86_64