Last updated on 2024-05-03 05:53:08 CEST.
Flavor | Version | Tinstall | Tcheck | Ttotal | Status | Flags |
---|---|---|---|---|---|---|
r-devel-linux-x86_64-debian-clang | 1.1.0 | 5.20 | 462.99 | 468.19 | OK | |
r-devel-linux-x86_64-debian-gcc | 1.1.0 | 3.97 | 375.83 | 379.80 | OK | |
r-devel-linux-x86_64-fedora-clang | 1.1.0 | 577.89 | NOTE | |||
r-devel-linux-x86_64-fedora-gcc | 1.1.0 | 588.44 | NOTE | |||
r-devel-windows-x86_64 | 1.1.0 | 5.00 | 465.00 | 470.00 | OK | |
r-patched-linux-x86_64 | 1.1.0 | 3.38 | 454.48 | 457.86 | OK | |
r-release-linux-x86_64 | 1.1.0 | 3.81 | 455.74 | 459.55 | OK | |
r-release-macos-arm64 | 1.1.0 | 242.00 | OK | |||
r-release-windows-x86_64 | 1.1.0 | 6.00 | 456.00 | 462.00 | OK | |
r-oldrel-macos-arm64 | 1.1.0 | 269.00 | OK | |||
r-oldrel-macos-x86_64 | 1.1.0 | 451.00 | OK | |||
r-oldrel-windows-x86_64 | 1.1.0 | 7.00 | 450.00 | 457.00 | OK |
Version: 1.1.0
Check: dependencies in R code
Result: NOTE
Namespace in Imports field not imported from: ‘msm’
All declared Imports should be used.
Flavors: r-devel-linux-x86_64-fedora-clang, r-devel-linux-x86_64-fedora-gcc