Last updated on 2024-05-03 05:53:08 CEST.
Flavor | Version | Tinstall | Tcheck | Ttotal | Status | Flags |
---|---|---|---|---|---|---|
r-devel-linux-x86_64-debian-clang | 1.0.3 | 177.81 | 202.77 | 380.58 | OK | |
r-devel-linux-x86_64-debian-gcc | 1.0.3 | 132.60 | 156.19 | 288.79 | OK | |
r-devel-linux-x86_64-fedora-clang | 1.0.3 | 526.44 | NOTE | |||
r-devel-linux-x86_64-fedora-gcc | 1.0.3 | 540.43 | NOTE | |||
r-devel-windows-x86_64 | 1.0.3 | 133.00 | 198.00 | 331.00 | OK | |
r-patched-linux-x86_64 | 1.0.3 | 177.85 | 213.49 | 391.34 | OK | |
r-release-linux-x86_64 | 1.0.3 | 157.70 | 204.83 | 362.53 | OK | |
r-release-macos-arm64 | 1.0.3 | 116.00 | NOTE | |||
r-release-windows-x86_64 | 1.0.3 | 133.00 | 203.00 | 336.00 | OK | |
r-oldrel-macos-arm64 | 1.0.3 | 89.00 | NOTE | |||
r-oldrel-macos-x86_64 | 1.0.3 | 128.00 | NOTE | |||
r-oldrel-windows-x86_64 | 1.0.3 | 165.00 | 230.00 | 395.00 | OK |
Version: 1.0.3
Check: package dependencies
Result: NOTE
Imports includes 24 non-default packages.
Importing from so many packages makes the package vulnerable to any of
them becoming unavailable. Move as many as possible to Suggests and
use conditionally.
Flavor: r-devel-linux-x86_64-fedora-clang
Version: 1.0.3
Check: dependencies in R code
Result: NOTE
Namespaces in Imports field not imported from:
‘MCMCpack’ ‘ggjoy’ ‘isotone’ ‘png’ ‘questionr’ ‘rprojroot’
‘tidyverse’
All declared Imports should be used.
Flavors: r-devel-linux-x86_64-fedora-clang, r-devel-linux-x86_64-fedora-gcc
Version: 1.0.3
Check: installed package size
Result: NOTE
installed size is 7.5Mb
sub-directories of 1Mb or more:
libs 6.7Mb
Flavors: r-release-macos-arm64, r-oldrel-macos-arm64, r-oldrel-macos-x86_64