Last updated on 2024-05-02 05:12:38 CEST.
Flavor | Version | Tinstall | Tcheck | Ttotal | Status | Flags |
---|---|---|---|---|---|---|
r-devel-linux-x86_64-debian-clang | 1.6.2 | 12.00 | 171.22 | 183.22 | OK | |
r-devel-linux-x86_64-debian-gcc | 1.6.2 | 9.21 | 127.77 | 136.98 | OK | |
r-devel-linux-x86_64-fedora-clang | 1.6.2 | 229.94 | NOTE | |||
r-devel-linux-x86_64-fedora-gcc | 1.6.2 | 248.12 | OK | |||
r-devel-windows-x86_64 | 1.6.2 | 12.00 | 144.00 | 156.00 | OK | |
r-patched-linux-x86_64 | 1.6.2 | 12.37 | 164.05 | 176.42 | OK | |
r-release-linux-x86_64 | 1.6.2 | 12.77 | 161.67 | 174.44 | OK | |
r-release-macos-arm64 | 1.6.2 | 57.00 | OK | |||
r-release-macos-x86_64 | 1.6.2 | 231.00 | OK | |||
r-release-windows-x86_64 | 1.6.2 | 11.00 | 145.00 | 156.00 | OK | |
r-oldrel-macos-arm64 | 1.6.2 | 65.00 | OK | |||
r-oldrel-macos-x86_64 | 1.6.2 | 106.00 | OK | |||
r-oldrel-windows-x86_64 | 1.6.2 | 15.00 | 174.00 | 189.00 | OK |
Version: 1.6.2
Check: Rd cross-references
Result: NOTE
Undeclared packages ‘Sleuth2’, ‘rrcov’, ‘archdata’, ‘qqtest’ in Rd xrefs
Flavor: r-devel-linux-x86_64-fedora-clang