Last updated on 2024-05-03 05:53:08 CEST.
Flavor | Version | Tinstall | Tcheck | Ttotal | Status | Flags |
---|---|---|---|---|---|---|
r-devel-linux-x86_64-debian-clang | 0.9.0 | 45.82 | 170.02 | 215.84 | NOTE | |
r-devel-linux-x86_64-debian-gcc | 0.9.0 | 33.21 | 148.96 | 182.17 | NOTE | |
r-devel-linux-x86_64-fedora-clang | 0.9.0 | 278.68 | NOTE | |||
r-devel-linux-x86_64-fedora-gcc | 0.9.0 | 297.43 | NOTE | |||
r-devel-windows-x86_64 | 0.9.0 | 37.00 | 190.00 | 227.00 | NOTE | |
r-patched-linux-x86_64 | 0.9.0 | 40.65 | 180.77 | 221.42 | NOTE | |
r-release-linux-x86_64 | 0.9.0 | 41.18 | 184.88 | 226.06 | NOTE | |
r-release-macos-arm64 | 0.9.0 | 119.00 | NOTE | |||
r-release-windows-x86_64 | 0.9.0 | 37.00 | 185.00 | 222.00 | NOTE | |
r-oldrel-macos-arm64 | 0.9.0 | 137.00 | NOTE | |||
r-oldrel-macos-x86_64 | 0.9.0 | 180.00 | NOTE | |||
r-oldrel-windows-x86_64 | 0.9.0 | 43.00 | 206.00 | 249.00 | NOTE |
Version: 0.9.0
Check: C++ specification
Result: NOTE
Specified C++11: please drop specification unless essential
Flavors: r-devel-linux-x86_64-debian-clang, r-devel-linux-x86_64-debian-gcc, r-devel-linux-x86_64-fedora-clang, r-devel-linux-x86_64-fedora-gcc, r-devel-windows-x86_64, r-patched-linux-x86_64, r-release-linux-x86_64, r-release-macos-arm64, r-release-windows-x86_64, r-oldrel-macos-arm64, r-oldrel-macos-x86_64, r-oldrel-windows-x86_64