Last updated on 2024-05-03 05:53:08 CEST.
Flavor | Version | Tinstall | Tcheck | Ttotal | Status | Flags |
---|---|---|---|---|---|---|
r-devel-linux-x86_64-debian-clang | 5.5.6 | 16.47 | 200.52 | 216.99 | OK | |
r-devel-linux-x86_64-debian-gcc | 5.5.6 | 13.75 | 193.69 | 207.44 | OK | |
r-devel-linux-x86_64-fedora-clang | 5.5.6 | 344.70 | NOTE | |||
r-devel-linux-x86_64-fedora-gcc | 5.5.6 | 379.01 | NOTE | |||
r-devel-windows-x86_64 | 5.5.6 | 17.00 | 246.00 | 263.00 | OK | |
r-patched-linux-x86_64 | 5.5.6 | 21.62 | 180.64 | 202.26 | OK | |
r-release-linux-x86_64 | 5.5.6 | 14.45 | 180.23 | 194.68 | OK | |
r-release-macos-arm64 | 5.5.6 | 94.00 | OK | |||
r-release-macos-x86_64 | 5.5.6 | 182.00 | OK | |||
r-release-windows-x86_64 | 5.5.6 | 15.00 | 239.00 | 254.00 | OK | |
r-oldrel-macos-arm64 | 5.5.6 | 89.00 | OK | |||
r-oldrel-macos-x86_64 | 5.5.6 | 175.00 | OK | |||
r-oldrel-windows-x86_64 | 5.5.6 | 20.00 | 296.00 | 316.00 | OK |
Version: 5.5.6
Check: dependencies in R code
Result: NOTE
Namespaces in Imports field not imported from:
‘R6’ ‘xml2’
All declared Imports should be used.
Flavors: r-devel-linux-x86_64-fedora-clang, r-devel-linux-x86_64-fedora-gcc