Last updated on 2024-05-03 05:53:09 CEST.
Flavor | Version | Tinstall | Tcheck | Ttotal | Status | Flags |
---|---|---|---|---|---|---|
r-devel-linux-x86_64-debian-clang | 0.1.3 | 6.17 | 48.75 | 54.92 | OK | |
r-devel-linux-x86_64-debian-gcc | 0.1.3 | 4.34 | 37.57 | 41.91 | OK | |
r-devel-linux-x86_64-fedora-clang | 0.1.3 | 71.86 | NOTE | |||
r-devel-linux-x86_64-fedora-gcc | 0.1.3 | 79.36 | NOTE | |||
r-devel-windows-x86_64 | 0.1.3 | 6.00 | 58.00 | 64.00 | OK | |
r-patched-linux-x86_64 | 0.1.3 | 5.02 | 47.31 | 52.33 | OK | |
r-release-linux-x86_64 | 0.1.3 | 4.94 | 47.62 | 52.56 | OK | |
r-release-macos-arm64 | 0.1.3 | 31.00 | OK | |||
r-release-windows-x86_64 | 0.1.3 | 6.00 | 57.00 | 63.00 | OK | |
r-oldrel-macos-arm64 | 0.1.3 | 33.00 | OK | |||
r-oldrel-macos-x86_64 | 0.1.3 | 48.00 | OK | |||
r-oldrel-windows-x86_64 | 0.1.3 | 6.00 | 62.00 | 68.00 | OK |
Version: 0.1.3
Check: dependencies in R code
Result: NOTE
Namespace in Imports field not imported from: ‘knitr’
All declared Imports should be used.
Flavors: r-devel-linux-x86_64-fedora-clang, r-devel-linux-x86_64-fedora-gcc